et v be t(x). Let n = -139 + 211. Calculate the highest common divisor of n and v.
9
Suppose 0 = 25*m - 27*m + 4*k + 4510, 5*k = -5*m + 11275. Calculate the greatest common divisor of 41 and m.
41
Suppose 10450 = 386*m + 4274. Calculate the highest common factor of 116 and m.
4
Let s(a) = a**3 - 47*a**2 - 128*a - 58. Let v be s(50). Calculate the highest common divisor of 5 and v.
1
Let y = -3482 + 3645. What is the highest common divisor of 3 and y?
1
Suppose 3*v + 10 = 5*v. Suppose 87 = v*m + 2. Let l = -6248 - -6299. Calculate the greatest common divisor of m and l.
17
Let a = -823 + 415. Let t = a + 808. What is the highest common factor of 50 and t?
50
Suppose 11*f = 2*f + 18. Let i be 30 + f + (-3)/1. What is the greatest common factor of 58 and i?
29
Let p = -8 + -19. Let i = 139 + -98. Let y = i + p. Calculate the highest common divisor of 112 and y.
14
Suppose 4*s = 4*c + 7*s - 474, 0 = 5*s + 10. What is the highest common divisor of c and 36?
12
Let l(b) = -2312*b + 39305. Let f be l(17). Let g(m) = m**3 + 6*m**2 - 8*m - 6. Let x be g(-5). Calculate the highest common factor of f and x.
1
Let r = 13381 + -13279. Calculate the greatest common factor of r and 6.
6
Let c = -11 - -19. Suppose 9 = -2*m + r, -3*r = 5*m + 17 - 22. Let v be c/(-2)*-2 - m. Calculate the greatest common factor of 2 and v.
2
Suppose -9*r - 98 + 513 + 1268 = 0. What is the highest common factor of 9911 and r?
187
Let s be 20 + 20/(-4 - -9). Let m be 4/s - 22*2/(-24). Suppose -36 = -8*n + 6*n. What is the greatest common factor of m and n?
2
Suppose -215*s = -160*s - 105160. What is the highest common factor of s and 717?
239
Suppose -2*n - 4*u + u + 45 = 0, 60 = 2*n - 2*u. Suppose -4*g = -45 - n. Let q be 4/g + 3052/36. Calculate the highest common divisor of 34 and q.
17
Let r = -563 + 577. Let u(k) = 57*k - 4. Let b be u(4). Suppose -6*i + b = -2*i. What is the highest common divisor of i and r?
14
Let n(b) = 2*b**2 - 39*b - 15. Let y be n(20). Suppose 5*m - 20 = y*t, 4*m + 0*m - 36 = -t. Calculate the greatest common factor of 24 and m.
8
Let p be ((-8)/18)/2 - (-74 + (-3714)/(-54)). Suppose 0 = -u - 3*o + 77, 256 = 4*u - 5*o + 4*o. What is the highest common factor of u and p?
5
Let p(o) = 385*o + 1560. Let i be p(14). Calculate the highest common divisor of i and 25.
25
Suppose -4*k = -4*y - 1280, k = 38*y - 36*y + 321. Calculate the greatest common divisor of k and 2958.
29
Suppose 8*u - 12*u - 2170 = -5*z, 5*z - 2170 = 2*u. What is the highest common divisor of 3782 and z?
62
Let f = -3 - -6. Suppose 3*o + 55 = -f*b + 145, -2*b = -3*o - 50. Suppose 35*r - 8960 = 3*r. Calculate the highest common divisor of b and r.
28
Suppose -81*o - 317*o + 1075*o + 1038*o = 29155. Suppose -5*x + 0*c + 3*c = -2371, 4*x = -c + 1907. Calculate the highest common divisor of x and o.
17
Let t = 5452 + -2384. Calculate the greatest common factor of 354 and t.
118
Let s be (113/5 - 24/(-60)) + 3. Suppose -s = -5*b + 39. Calculate the greatest common divisor of b and 1.
1
Let m be 0 + 20/5 + -11. Let w(p) = -p - 3. Let v be w(m). Suppose 3*f = 5*d + 87, v*f - 2*d - 126 = -f. Calculate the highest common factor of 12 and f.
12
Suppose -3999 = -32*s + 15*s + 999. What is the greatest common factor of s and 1722?
42
Let u be 88 + -81 - -5*(2 - 0). Suppose 0 = -a - 43 + 505. Suppose -1085 - a = -7*t. Calculate the highest common divisor of u and t.
17
Suppose 3*v - 4*l - 6 = 4, -2*v + 8 = -2*l. Let s be 66/1 - (-7 + 7). What is the greatest common factor of v and s?
6
Let t be 12 + 225 + 9 - -4. What is the greatest common factor of 50 and t?
50
Let a be 2*(-160)/(-208)*(-52)/(-16). What is the greatest common factor of 1610 and a?
5
Let u = 2870 - 4102. Let p = -252 - u. What is the highest common factor of 35 and p?
35
Suppose 3*o + 2*q - 3507 = 0, q + 2837 = 2*o + 485. What is the greatest common factor of o and 483?
69
Suppose -69 = -2*j + 59. Let w be -2*(-1)/2*(j + -57). What is the highest common factor of w and 329?
7
Suppose -6*m + 18 = -3*m. Suppose m*s = 155 + 157. What is the greatest common divisor of 13 and s?
13
Suppose 1907 = 6*x + 562 - 779. What is the highest common factor of x and 6?
6
Let a be (-262)/(-26) - (-6)/(-78) - 0. Calculate the greatest common divisor of a and 488.
2
Let p(k) = -19*k - 1. Let w be p(-1). Suppose -33*f - 31*f = 47*f - 999. Calculate the greatest common factor of f and w.
9
Let a = 64 + -63. Let w be (-7 - -7)/(-2*a/(-2)). Suppose -4*h + 0*h + 128 = w. Calculate the greatest common divisor of 224 and h.
32
Let k be (-864)/2*(-2728)/352. What is the highest common factor of k and 6?
6
Suppose 12*m = 245 + 211. Let o be (3477/m)/((-6)/(-8)). Suppose -3*k = -o - 319. What is the highest common factor of k and 21?
21
Let u be -5 + 36/(-4)*(-200)/12. Let y(l) = 9*l - 1. Let v be y(4). Let s = 64 - v. What is the highest common factor of u and s?
29
Let f(o) = -o**3 - 3*o. Let n be f(-5). Let g(i) = -7*i + 987. Let u be g(137). What is the greatest common divisor of u and n?
28
Let p(m) = 2*m**2 - 24*m - 1131. Let q be p(41). What is the highest common divisor of 215 and q?
43
Suppose 0 = 2*y + 4*s - 2776 - 5000, -5*s + 11667 = 3*y. What is the greatest common divisor of y and 594?
66
Let a(p) = p**2 - 17*p - 21. Let g = -26 + 45. Let l be a(g). Suppose -3*u + 56 = -2*j, l = u - 0*j + j. Calculate the highest common divisor of u and 2.
2
Let p be 4*-1 + 21/((-210)/1660). Let f = -37 - p. What is the highest common divisor of 38 and f?
19
Let g be 1035/(-115)*8/(-3). Calculate the greatest common divisor of g and 1416.
24
Suppose -31*v + 3*v + 8615 - 2847 = 0. What is the highest common factor of v and 14?
2
Suppose 2256 = 4*h + 2*d, 275*d - 24 = 279*d. Calculate the highest common factor of h and 126.
63
Let m be 325 + -3 - -1*(-9 + 4). Let q = m + -251. What is the highest common factor of 12 and q?
6
Let g = 0 + 2. Let o be g - 12/(-8)*50. Suppose -9*l + 47 = -52. What is the greatest common factor of l and o?
11
Let b = 299 + -303. Let y be (-5 - b)*-13*3. What is the greatest common divisor of y and 52?
13
Let t(y) = -18*y - 5. Let v be t(-3). Suppose 719 = 8*x - v. Calculate the highest common divisor of x and 36.
12
Let v(l) = 392*l - 4177. Let j be v(11). Calculate the highest common divisor of 480 and j.
15
Let c(z) = 150*z**2 - 174*z - 510. Let t be c(-3). What is the greatest common factor of t and 6?
6
Let d be (1 + 0)*-9*(-24 - 51). What is the highest common divisor of d and 54?
27
Let x = -52 + 84. Let y be (5 - (-1 + 2)) + -3. Let w(q) = 96*q. Let v be w(y). What is the greatest common factor of v and x?
32
Suppose -290*i - 12 = -294*i. Suppose -3*w + 2*d + 95 = 22, -i*d = -2*w + 42. Calculate the greatest common factor of 135 and w.
27
Let i = 11102 - 6412. What is the greatest common divisor of i and 210?
70
Let b(d) = d**2 - 24*d - 7. Let n be b(-22). Let m = n + -571. What is the greatest common factor of m and 14?
14
Suppose -186 = q + 6*w - 2127, 0 = 3*q - 3*w - 5718. Calculate the greatest common divisor of 588 and q.
147
Let n(l) = -2*l**3 - 56*l**2 - 119*l - 2589. Let t be n(-29). What is the greatest common factor of 84 and t?
12
Let z be ((-40)/5)/(0 - 2). Let y be 81/45 - 2/30*(-17 + -916). Calculate the greatest common factor of y and z.
4
Let n(b) = -b**2 + 38*b - 272. Let s be n(10). Calculate the highest common divisor of 528 and s.
8
Let x(p) = -620*p + 313*p + 69 + 318*p. Let n be x(-6). Calculate the greatest common factor of 11 and n.
1
Let y = -631 + 640. Let j = 0 - -27. Let c = j - y. Calculate the greatest common factor of c and 180.
18
Let t(z) be the first derivative of -3*z**2 + 44*z - 53. Let i be t(7). What is the highest common factor of 24 and i?
2
Suppose -4*r = -y - 162 + 298, 4*r = 5*y - 680. Let u = -38 + 54. What is the highest common divisor of y and u?
8
Let x be (15 - 66/4)/((-6)/656). Let g be (-16)/2*(-123)/x - -6. What is the highest common factor of g and 7?
1
Let y be 8 + (-287)/35 - 5583/(-15). Suppose 12*q = 1212 - y. What is the highest common factor of q and 455?
35
Suppose -2*p - 706 = -5*d + 204, -353 = -2*d + 3*p. Calculate the highest common divisor of d and 8648.
184
Let r = 1212 - 813. Suppose 0 = -4*v + 5*q + 1650, 5*v + 2*q - 1664 = v. Suppose v = 2*n - r. What is the